 + (16 - (-1 - -1) - (18 - 15))
12
Evaluate (301 - 297) + (14 - (3 + -1)).
16
What is the value of (-7 - 6) + (-23 - (6 + -19))?
-23
What is 8 - (5 - -10) - 7 - -22?
8
What is the value of (-9 - 0) + (3 - -2 - 1)?
-5
Calculate 15 - 3 - (-11 - (-6 + -11)).
6
-21 - (6 - (1 - -14))
-12
Evaluate 7 - (-17 + 21 - 7).
10
What is 20 - (5 - (6 - 38))?
-17
What is -19 + (-24 - -14) + 44?
15
What is the value of -37 + 6 + 20 + 2?
-9
Evaluate 20 + 0 + 7 + -23 + 8.
12
What is 7 + (-1 - 9 - (11 + (-5 - 9)))?
0
What is ((6 - -6) + 4 - 9) + 14 + 1?
22
Calculate (64 - 19) + -16 + 8.
37
What is 7 + 0 + (-2 - -17) + (-34 - -23)?
11
What is -4 + 2 + 22 + -12?
8
Calculate 9 - (7 + -12 + 9 - -2).
3
Calculate -10 - -3 - (18 + -17 + 9).
-17
-5 - 4 - (36 + -36 + 16)
-25
What is -299 + 302 + -1 + 11?
13
Evaluate 27 + 1 + -40 + -17.
-29
What is 5 + (-41 + -1 + 0 - (0 + -7))?
-30
What is -16 - (2 - -1 - (-60 - -73)) - 3?
-9
Calculate -6 - (-8 + (3 + (3 - 10) - -6)).
0
Evaluate 10 - (-6 - (3 - 2) - -4).
13
Evaluate (-17 - -1) + 252 + -208.
28
Evaluate 8 + (-8 + 5 - ((-10 - -6) + -6)).
15
Evaluate (3 + -1 - (39 - 37) - -6) + -4.
2
-144 + 151 + 21 + -2 + -2
24
What is 10 + 0 + (-25 - -28) + -6?
7
Evaluate 7 + -14 + 3 + 7 + (2 - 6).
-1
Calculate 10 - (0 - 11 - -25) - -6.
2
What is 7 - (11 - 4 - 0)?
0
14 - (25 - 3 - (8 + -1) - 9)
8
What is the value of -20 - (-52 + (-12 - -29))?
15
Calculate 34 + -15 + 1 - 19.
1
-18 + 2 + (24 - 61 - -28)
-25
Evaluate 40 - (13 - (17 - 16)).
28
What is the value of 23 - (-2 + 21 + -9)?
13
What is (-2 - -25) + (-75 - -51 - -25)?
24
What is the value of -4 + 5 + (4 - 3) + -5?
-3
(-11 - -17) + -7 + (14 - -4)
17
Calculate -25 + (-1 + -4 - (-13 + 6)).
-23
Evaluate 47 - 40 - (4 - 5).
8
What is -19 + (38 - 20) - -16?
15
Calculate (-1 - -6) + -7 + -22 + 14 + 23.
13
Calculate 26 + (-18 - 27) + 32.
13
Calculate (-8 - (-4 + 3)) + 14 + 0 + -11.
-4
Calculate 2 - 13 - (-2 + 3).
-12
What is (24 - 6 - 6 - 2) + -20?
-10
Evaluate (1 - (-6 - 2)) + (85 - 41) + -53.
0
Evaluate 0 - ((-3 - -1) + 18) - (250 - 243).
-23
What is 20 - 17 - (5 + 7)?
-9
-9 - (0 - 8) - 0
-1
Calculate 9 - (10 + (17 - (14 - 10))) - 5.
-19
-8 + 15 - (8 + 1 + 0 + -7)
5
What is the value of (-39 - (-75 + 32)) + -13?
-9
Calculate (20 - (-30 - -44) - (35 - 2)) + -3.
-30
Evaluate -30 + (-37 - -27) + 25.
-15
What is the value of 17 + 9 + (-12 - 7)?
7
What is the value of 0 + 6 - (-2 + 0) - (-4 - -5)?
7
Calculate 1 - (-25 - (-40 + 16)).
2
What is (-7 - -1) + -8 + 16?
2
What is 10 + -10 + 13 + -24?
-11
Calculate 19 + (0 - (-6 - (2 - (-9 + 8)))).
28
Calculate 6 + (-21 - -38) - 7.
16
What is 3 + 1 + (-3 - -1) - (-18 - -12)?
8
Evaluate 0 + (-3 - (-6 + 1) - -4).
6
32 - (59 + 9 + -29)
-7
What is the value of (-1 - -1 - 8) + -431 + 442 - -12?
15
What is the value of -14 + (8 - (-9 + (-5 - -24))) + -1?
-17
What is the value of -5 + 1 + (-13 - -13)?
-4
What is (0 + -10 - (-26 - -17)) + -4?
-5
What is (-5 - (-11 + -17)) + -38 - (-9 + 0)?
-6
Evaluate (-2 + -6 + -6 - -2) + -12.
-24
Evaluate 7 - (-7 + 9) - ((3 - 6) + 3).
5
Evaluate (-9 + -4 - -6 - 13) + 0.
-20
What is the value of 8 - (-23 + -2 + 20)?
13
What is the value of -6 + -20 + 10 - (-10 - -19)?
-25
What is 14 + (-11 - (-6 - -18)) + -12?
-21
What is the value of 18 - (10 - (1 - (5 + -12)))?
16
(28 + -14 + -23 - (-3 - -1)) + 1
-6
Evaluate (-4 - (4 + (13 - 16))) + (2 - 8).
-11
Evaluate 4 + -3 + (-1 + -2 - (2 - 1)).
-3
What is 0 + -5 - -21 - (13 + -4)?
7
What is -16 - (-10 + -52) - (8 - (0 + -3))?
35
Calculate -15 + (2 - (13 - 36)).
10
-27 + 14 - -9 - (0 - 13)
9
(-4 - (1 + (-2 - 1))) + -9 + 1
-10
What is 1 + 3 - (1 - -12) - 16?
-25
Calculate (2 - 4) + (3 - (-2 - -14)).
-11
Evaluate 699 - 713 - (-1 + -1 - 16).
4
What is -12 + 17 + -3 + (4 - -4) + -20?
-10
-3 + 16 + 8 + -13 + -30
-22
Evaluate -10 + (9 + -13 - (-2 - 3)).
-9
4 + (14 - (-9 + 20)) + 11 + 2
20
What is 13 - 15 - (-4 + (20 - 6 - 4))?
-8
Evaluate 6 + (4 - (4 + 2 - (-2 + -1))).
1
What is 3 - (2 + -2 - -1)?
2
-1173 - -1146 - (-1 + -34)
8
Evaluate -8 - (38 + -36 + -22 + -1).
13
Evaluate 22 + 29 + -98 + 32.
-15
Evaluate -111 + 110 - (-5 - (-5 + -1) - 30).
28
2 - -4 - (12 + -9) - -5
8
What is -69 - -72 - (8 + 3)?
-8
Calculate (-2 - -1) + -14 + (14 - (8 + 2)).
-11
What is the value of 13 + (-17 - -23) + (-1 - 8)?
10
Calculate -13 + (5 - 3) + (0 - 11) + 10.
-12
Evaluate -18 + -8 + 16 + -3.
-13
(-12 - 0) + -904 + 900
-16
Evaluate 23 + 18 + -20 + -5.
16
What is the value of (11 - 6 - -7 - 5) + -17?
-10
7 + -3 - (-38 + 12 + 18)
12
What is the value of (2 - (1 - -10)) + (35 - -31) + -59?
-2
Evaluate 4 + 0 + (6 - 2 - (-17 - -22)).
3
Calculate 14 + -18 - (-1 - -4).
-7
Calculate 2 + (4 - 2) - (24 + -17 - 6).
3
Calculate (-13 - (1 + -1)) + 107 + (71 - 189).
-24
What is the value of (-969 - -986) + (-1 - (2 + 30))?
-16
Calculate 10 - (1 - (19 - 14)).
14
Evaluate -16 + 9 - -10 - (-14 - -3).
14
What is 2 + -23 + (642 - 616)?
5
Calculate (-23 - -1 - -2) + 37.
17
What is the value of -9 + 13 + -3 + -17 - (-12 - -9)?
-13
Evaluate -1 + -4 + (-7 + 7 - (-5 - -1)).
-1
19 + -32 + -1 - (12 + -60)
34
What is the value of (-1 - 5 - (15 + -7 + -7)) + 2?
-5
(15 - 9) + -9 - -1
-2
Calculate 14 + (33 - (21 + 14)).
12
What is the value of 3 + (-13 - 3 - (-2 + 11 - 11))?
-11
Calculate 7 + -1 - -12 - 21.
-3
Calculate 22 - (42 + -11) - -41.
32
What is the value of -3 - ((-22 - -44) + -33)?
8
-19 + (78 + -29 - 27) + (-25 - -1)
-21
Evaluate (64 - 46) + (-2 + (-3 - -3) - 3).
13
-3 + -20 + 35 + 0
12
Calculate (-3 - -2) + 36 + -36.
-1
-8 - (-1 - 0) - (-4271 - -4262)
2
(-4 + 0 - (-32 + 26)) + (5 - 6)
1
Evaluate (2 + 3 - (-9 + 16 + -7)) + 1.
6
What is the value of -5 - -36 - -27 - 41?
17
What is the value of (1 - 0 - (7 + -3)) + 68 + -54?
11
What is the value of 12 + 3 - (6 + 6 + (-8 - -3))?
8
What is 14 + 28 + -31 + 3 + -1?
13
What is 3 - 4 - (0 - 6) - (-85 - -71)?
19
Evaluate (1 - 11 - (18 + -22 + 2)) + -6.
-14
Evaluate 10 - 0 - (-19 - (4 - (35 - 16))).
14
Evaluate (-10 - (-2 + (-2 - -5))) + 3 + 3.
-5
Calculate (2 - (21 + -23)) + 3.
7
Calculate -16 + (19 - 16) + -1 + 3.
-11
What is -16 - (-51 + (41 - 13))?
7
(0 - 3 - -11) + (6 - 3) + -2
9
-10 + 1 + (1 + 17 - (307 - 316))
18
What is the value of -1 + 0 - (33 + -19 + -18)?
3
Calculate 9 - 11 - (-6 + -5).
9
Calculate -6 - -6 - -1 - 13 - -26.
14
Evaluate -18 - (6 - 11) - (1 - 2) - -1.
-11
What is the value of (-9 - (-14 - 16)) + -31?
-10
What is the value of 19 + -2 + 30 + -19 + -4?
24
What is the value of 0 - (-9 + (6 - (-5 + 1))) - -5?
4
What is the value of -9 - (20 + 6) - -19?
-16
What is the value of (8 - 33) + (-3 + 6 - -2)?
-20
-26 + 24 + (5 - 2) + -13
-12
What is -4 - (14 - (1 + -2 + 5))?
-14
Evaluate 20 + (3 - 0) + (23 - 30) - 3.
13
Evaluate (-22 - 1) + -1045 + 1080.
12
What is (-156 - -164) + -19 + 3 + (-1 - -1)?
-8
Evaluate -22 - (-4 + 1 + 1 + -1 + -4).
-15
Calculate (-16 - 0) + -25 + 27.
-14
What is the value of (18 - 13 - -6) + (3 - 5) + 4?
13
What is the value of (-2 - -5) + (33 + -3 - 19)?
14
-11 - -1 - (2 + -16) - 21
-17
Evaluate 22 - (0 + (7 - 1)) - (5 + -5).
16
Calculate 0 + 12 + (8 + -9 - 5) - -1.
7
59 + -53 - (-1 + 0 + 2 + 7)
-2
What is the value of 6 + -9 + (-17 - (3 - 9))?
-14
Calculate 3 + (19 - 7) + -8 - -2.
9
What is the value of -4 + 0 + (-20 - ((-1 - 46) + 8))?
15
-10 + 3 - -15 - (-6 - (6 + -23))
-3
Evaluate -32 + (-9 - -50) - (3 - (-2 + 10)).
14
-4 + 1 + -3 + (11 - (10 - -2))
-7
What is the value of (-6 - -7) + 4 + -21 - -34?
18
What is the value of -1 - 3 - (126 - 145)?
15
What is (-12 - -5 - 0 - 12) + -4?
-23
Evaluate (1 - 2) + 18 - (37 + -68 - -34).
14
What is -45 + 9 + 26 + (-1 - 3)?
-14
What is 51 - (87 + -46) - (0 - -18)?
-8
Evaluate 14 + 20 - (12 + 2 + -4 + -2).
26
-5 + 4 + -10 + -1
-12
Calculate ((-19 - -2) + 35 - -13) + -7.
24
(7 - -5) + 3 + -13 + -3 + 11
10
Evaluate -15 + (14 + (0 - (-5 - -12)) - 4).
-12
What is the value of (1 - 10) + 32 - 6 - (-5 + 0)?
22
Evaluate 82 + -61 + -10 + 1 - (2 - 4).
14
Calculate -23 - -5 - (-131 + 126).
-13
Calculate 23 + (-22 - 7) + 4.
-2
What is -24 + (-262 - -247) + 16 + -1?
-24
What is 144 - 130 - (18 + -2) - (-1 + -3)?
2
What is the value of (-5 - (-17 + 4) - 1) + -8?
-1
What is (-151 - -147) + (-14 - -2) + -1 + 1?
-16
15 - -3 - (6 + -8 + -6)
26
Calculate 24 - (-15 + 25) - -8.
22
What is -25 - 1 - -3 - (45 - 53)?
-15
Wha